ulate the highest common factor of 6375149 and 13854.
2309
What is the highest common divisor of 189 and 515322801?
63
Calculate the highest common factor of 12222169 and 20077.
1181
What is the greatest common factor of 3584 and 55972?
28
Calculate the greatest common factor of 539049969 and 38.
19
Calculate the greatest common divisor of 1166600589 and 1693.
1693
Calculate the highest common divisor of 306752 and 14.
2
Calculate the highest common factor of 1040750870 and 445.
445
What is the greatest common divisor of 32936845 and 740?
185
What is the greatest common divisor of 30228646 and 1442?
1442
What is the greatest common divisor of 3235085 and 25?
5
Calculate the greatest common factor of 127607585 and 175.
35
Calculate the highest common factor of 504 and 3362982.
42
What is the highest common divisor of 3014136 and 14400?
72
What is the highest common divisor of 2943 and 11257847?
109
Calculate the greatest common factor of 1086513 and 375.
3
What is the highest common divisor of 732298 and 494?
38
Calculate the greatest common factor of 38383824 and 45084.
3468
Calculate the greatest common factor of 31280612 and 13566.
646
Calculate the greatest common divisor of 71483835 and 47415.
1635
Calculate the greatest common divisor of 42276 and 18876.
156
What is the highest common divisor of 4269213 and 3159?
351
What is the highest common factor of 35698980 and 612?
204
What is the highest common divisor of 1351840928 and 64?
32
What is the highest common divisor of 441 and 33534?
9
Calculate the highest common factor of 32 and 257394168.
8
Calculate the highest common divisor of 17496 and 47682.
54
What is the greatest common divisor of 550 and 373472?
22
What is the highest common divisor of 122 and 27959411?
61
What is the greatest common factor of 2989 and 147?
49
What is the greatest common factor of 114630780 and 924?
132
Calculate the greatest common factor of 708603 and 61705.
287
What is the highest common divisor of 462078 and 1462?
86
Calculate the greatest common divisor of 2632 and 1303456.
56
What is the highest common factor of 38772 and 523812?
12
Calculate the greatest common factor of 1473 and 2253.
3
What is the greatest common factor of 19815 and 74846539?
1321
What is the greatest common divisor of 1457345325 and 75?
75
What is the highest common factor of 26251778 and 3052?
1526
Calculate the highest common factor of 1659736 and 56524.
52
Calculate the highest common factor of 7345 and 9397645.
565
What is the greatest common divisor of 7193267 and 1577?
19
Calculate the highest common factor of 29670 and 38018880.
1290
Calculate the highest common factor of 40 and 254343368.
8
What is the highest common factor of 132 and 139430346?
66
Calculate the greatest common factor of 100608735 and 6660.
555
What is the highest common factor of 2 and 8773169?
1
Calculate the highest common factor of 12233225 and 50.
25
Calculate the highest common factor of 378 and 7528962.
42
What is the highest common divisor of 34 and 547100222?
34
What is the greatest common divisor of 2718119008 and 352?
352
Calculate the highest common factor of 238529016 and 297.
297
What is the highest common factor of 37434 and 726293?
367
What is the highest common divisor of 25938 and 112759560?
2358
What is the highest common divisor of 5565 and 1633926?
21
What is the greatest common factor of 393 and 610894789?
131
What is the greatest common divisor of 402108949 and 44?
11
Calculate the highest common factor of 85 and 145523485.
85
What is the highest common divisor of 4182191 and 52?
13
What is the greatest common factor of 54 and 783944946?
54
What is the highest common factor of 50046 and 1117599?
57
What is the highest common factor of 4745682 and 736?
46
Calculate the highest common divisor of 11765968 and 288.
16
Calculate the greatest common divisor of 3363 and 51114237.
3363
What is the greatest common factor of 97875 and 5549875?
3625
Calculate the highest common divisor of 10420 and 44210.
10
What is the highest common divisor of 3873234 and 121890?
1434
What is the highest common divisor of 2178 and 10732458?
726
What is the greatest common factor of 3374054486 and 44?
22
What is the highest common factor of 315 and 3060390375?
315
What is the highest common factor of 35607202 and 159?
53
What is the greatest common divisor of 152 and 284762424?
152
What is the greatest common divisor of 285785 and 14213?
61
Calculate the greatest common divisor of 18576 and 3265248.
2064
Calculate the highest common divisor of 4712 and 740087924.
2356
What is the highest common divisor of 12848 and 1482192?
1168
Calculate the greatest common divisor of 44159577 and 165507.
3849
Calculate the highest common factor of 3268193 and 469.
67
Calculate the highest common factor of 3812 and 38506.
2
Calculate the greatest common divisor of 66 and 81842959.
11
What is the greatest common divisor of 46 and 2516729?
23
Calculate the greatest common factor of 8159359 and 559.
13
What is the highest common divisor of 60 and 2601330?
30
What is the greatest common divisor of 7492978 and 1985?
397
Calculate the greatest common factor of 1760145 and 135771.
813
What is the highest common divisor of 142 and 76557454?
142
Calculate the highest common divisor of 5 and 108594985.
5
Calculate the greatest common factor of 7456 and 170924140.
932
Calculate the greatest common factor of 156 and 229882900.
52
What is the highest common divisor of 310078650 and 1050?
1050
Calculate the highest common factor of 1306 and 2398.
2
What is the highest common divisor of 321497 and 17251901?
2657
What is the highest common divisor of 56987308 and 399?
133
What is the highest common divisor of 48811 and 40276048?
6973
What is the greatest common divisor of 37536 and 830944?
736
What is the greatest common divisor of 5536 and 195224?
8
What is the greatest common factor of 190 and 627380?
190
What is the highest common factor of 94356284 and 88?
44
Calculate the greatest common divisor of 19532394 and 315.
63
What is the highest common factor of 1 and 571453?
1
What is the highest common factor of 23997 and 111373866?
1263
Calculate the highest common divisor of 16497964 and 371.
7
Calculate the greatest common factor of 2444624 and 3220000.
2576
What is the greatest common divisor of 28865460 and 33580?
460
Calculate the greatest common divisor of 403215826 and 2262.
754
What is the greatest common divisor of 7378 and 3181654?
434
Calculate the greatest common factor of 7562605 and 3565.
155
What is the greatest common divisor of 24451 and 293853?
49
What is the greatest common factor of 1152 and 84506544?
144
What is the greatest common divisor of 2288850 and 1050?
150
What is the greatest common factor of 630 and 16720?
10
Calculate the greatest common divisor of 30931871 and 413.
59
What is the highest common divisor of 24848 and 79567955?
1553
Calculate the greatest common divisor of 20 and 18703430.
10
What is the greatest common divisor of 9112480 and 6656?
416
What is the highest common divisor of 94 and 219847247?
47
Calculate the greatest common divisor of 74 and 505454669.
37
What is the highest common factor of 12414 and 53117437?
2069
What is the highest common factor of 585 and 8919456?
39
What is the greatest common divisor of 329 and 6744923?
47
What is the greatest common factor of 18702272 and 64?
64
What is the highest common factor of 210539730 and 6018?
6018
Calculate the highest common divisor of 694412380 and 190.
190
Calculate the highest common factor of 7800 and 22369425.
975
Calculate the greatest common divisor of 379041861 and 638.
319
Calculate the greatest common divisor of 6441 and 21574977.
339
What is the highest common factor of 4880277 and 675?
27
Calculate the greatest common divisor of 5084 and 746221894.
2542
What is the highest common divisor of 943 and 128487604?
41
What is the greatest common factor of 1704 and 8298906?
426
Calculate the highest common divisor of 1035606 and 6149.
143
Calculate the greatest common divisor of 17802 and 25671.
129
Calculate the highest common divisor of 5225 and 6673370.
1045
What is the greatest common factor of 3087635572 and 28?
28
Calculate the highest common factor of 14317 and 1837108.
103
Calcu